{"id":6692,"date":"2024-05-22T09:14:59","date_gmt":"2024-05-22T08:14:59","guid":{"rendered":"https:\/\/www.projektakademien.se\/pa\/?page_id=6692"},"modified":"2024-05-22T09:15:00","modified_gmt":"2024-05-22T08:15:00","slug":"beatriz-espinosa-arronte","status":"publish","type":"page","link":"https:\/\/www.projektakademien.se\/pa\/beatriz-espinosa-arronte\/","title":{"rendered":"Beatriz Espinosa Arronte"},"content":{"rendered":"\n<div class=\"wp-block-columns\">\n<div class=\"wp-block-column\">\n<p>Beatriz jobbar p\u00e5 Scania (sedan 2007).<\/p>\n\n\n\n<p>Vinnare av \u00c5rets Projektledare 2022.<\/p>\n\n\n\n<p>Bor i Huddinge. F\u00f6dd i Vigo, Spanien.<\/p>\n\n\n\n<p><\/p>\n<\/div>\n\n\n\n<div class=\"wp-block-column\">\n<figure class=\"wp-block-image size-large\"><a href=\"https:\/\/www.projektakademien.se\/pa\/wp-content\/uploads\/2024\/05\/BeatrizEspinosaArronte.jpg\"><img loading=\"lazy\" width=\"266\" height=\"266\" src=\"https:\/\/www.projektakademien.se\/pa\/wp-content\/uploads\/2024\/05\/BeatrizEspinosaArronte.jpg\" alt=\"\" class=\"wp-image-6698\" srcset=\"https:\/\/www.projektakademien.se\/pa\/wp-content\/uploads\/2024\/05\/BeatrizEspinosaArronte.jpg 266w, https:\/\/www.projektakademien.se\/pa\/wp-content\/uploads\/2024\/05\/BeatrizEspinosaArronte-150x150.jpg 150w\" sizes=\"(max-width: 266px) 100vw, 266px\" \/><\/a><\/figure>\n<\/div>\n<\/div>\n\n\n\n<p><\/p>\n","protected":false},"excerpt":{"rendered":"<p>Beatriz jobbar p\u00e5 Scania (sedan 2007). Vinnare av \u00c5rets Projektledare 2022. Bor i Huddinge. F\u00f6dd i Vigo, Spanien.<\/p>\n","protected":false},"author":11,"featured_media":0,"parent":0,"menu_order":0,"comment_status":"closed","ping_status":"closed","template":"","meta":{"ngg_post_thumbnail":0},"categories":[],"tags":[],"_links":{"self":[{"href":"https:\/\/www.projektakademien.se\/pa\/wp-json\/wp\/v2\/pages\/6692"}],"collection":[{"href":"https:\/\/www.projektakademien.se\/pa\/wp-json\/wp\/v2\/pages"}],"about":[{"href":"https:\/\/www.projektakademien.se\/pa\/wp-json\/wp\/v2\/types\/page"}],"author":[{"embeddable":true,"href":"https:\/\/www.projektakademien.se\/pa\/wp-json\/wp\/v2\/users\/11"}],"replies":[{"embeddable":true,"href":"https:\/\/www.projektakademien.se\/pa\/wp-json\/wp\/v2\/comments?post=6692"}],"version-history":[{"count":2,"href":"https:\/\/www.projektakademien.se\/pa\/wp-json\/wp\/v2\/pages\/6692\/revisions"}],"predecessor-version":[{"id":6701,"href":"https:\/\/www.projektakademien.se\/pa\/wp-json\/wp\/v2\/pages\/6692\/revisions\/6701"}],"wp:attachment":[{"href":"https:\/\/www.projektakademien.se\/pa\/wp-json\/wp\/v2\/media?parent=6692"}],"wp:term":[{"taxonomy":"category","embeddable":true,"href":"https:\/\/www.projektakademien.se\/pa\/wp-json\/wp\/v2\/categories?post=6692"},{"taxonomy":"post_tag","embeddable":true,"href":"https:\/\/www.projektakademien.se\/pa\/wp-json\/wp\/v2\/tags?post=6692"}],"curies":[{"name":"wp","href":"https:\/\/api.w.org\/{rel}","templated":true}]}}

<div class="wp-block-columns">
<div class="wp-block-column">
<p>Beatriz jobbar på Scania (sedan 2007).</p>



<p>Vinnare av Årets Projektledare 2022.</p>



<p>Bor i Huddinge. Född i Vigo, Spanien.</p>



<p></p>
</div>



<div class="wp-block-column">
<figure class="wp-block-image size-large"><a href="https://www.projektakademien.se/pa/wp-content/uploads/2024/05/BeatrizEspinosaArronte.jpg"><img loading="lazy" width="266" height="266" src="https://www.projektakademien.se/pa/wp-content/uploads/2024/05/BeatrizEspinosaArronte.jpg" alt="" class="wp-image-6698" srcset="https://www.projektakademien.se/pa/wp-content/uploads/2024/05/BeatrizEspinosaArronte.jpg 266w, https://www.projektakademien.se/pa/wp-content/uploads/2024/05/BeatrizEspinosaArronte-150x150.jpg 150w" sizes="(max-width: 266px) 100vw, 266px" /></a></figure>
</div>
</div>



<p></p>

<p>Beatriz jobbar på Scania (sedan 2007). Vinnare av Årets Projektledare 2022. Bor i Huddinge. Född i Vigo, Spanien.</p>
