{"id":2188,"date":"2014-03-28T09:51:11","date_gmt":"2014-03-28T08:51:11","guid":{"rendered":"http:\/\/www.projektakademien.se\/pa\/?page_id=2188"},"modified":"2016-12-02T09:14:51","modified_gmt":"2016-12-02T08:14:51","slug":"uppsatspriset-2014","status":"publish","type":"page","link":"https:\/\/www.projektakademien.se\/pa\/utmarkelser\/uppsatstavling\/uppsatspriset-2014\/","title":{"rendered":"Uppsatspriset 2014"},"content":{"rendered":"<div>\n<strong>Uppsatspriset 2014<\/strong><\/p>\n<p><div>Fr\u00e5n och med detta \u00e5r har inl\u00e4mningen av bidrag till uppsatspriset flyttats till den 31 januari. Uppsatspriset kommer d\u00e4rmed ocks\u00e5 att f\u00e5 en fast offentligg\u00f6randedag p\u00e5 Svenska ProjektAkademiens \u00e5rssammankomst. Detta inneb\u00e4r att n\u00e5got uppsatspris f\u00f6r 2013 inte delas ut.<\/p>\n<p>Inf\u00f6r 2014 \u00e5rs uppsatspris inkom 18 bidrag fr\u00e5n sju olika l\u00e4ros\u00e4ten. Juryn ser med tillfredsst\u00e4llelse p\u00e5 spridningen mellan l\u00e4ros\u00e4ten och noterar att b\u00e5de samh\u00e4llsvetenskapliga och tekniska fakulteter \u00e4r representerade. Uppsatserna handlar om ett antal aspekter av projektarbete, allt fr\u00e5n samverkans- och ledarskapsfr\u00e5gor till projektportf\u00f6ljhantering.<\/p>\n<\/div>\n<div>\n<hr size=\"10\" \/><\/div>\n<div>\n<a href=\"http:\/\/www.projektakademien.se\/pa\/wp-content\/uploads\/2014\/04\/Jaime.jpeg\"><img loading=\"lazy\" title=\"Jaime Adri\u00e1n Mill\u00e1n Leyva\" class=\"alignleft size-thumbnail wp-image-959\" src=\"http:\/\/www.projektakademien.se\/pa\/wp-content\/uploads\/2014\/04\/Jaime.jpeg\" alt=\"\" width=\"100\" height=\"100\" \/><\/a><\/p>\n<p>\n<a href=\"http:\/\/www.projektakademien.se\/pa\/wp-content\/uploads\/2014\/04\/Vladimir.jpeg\"><img loading=\"lazy\" title=\"Vladimir Matovic\" class=\"alignright size-thumbnail wp-image-959\" src=\"http:\/\/www.projektakademien.se\/pa\/wp-content\/uploads\/2014\/04\/Vladimir.jpeg\" alt=\"\" width=\"100\" height=\"100\" \/><\/a><\/div>\n<\/p>\n<p><strong>Uppsatspriset 2014\/National thesis award 2014:<\/strong><\/div>\n<p><div>The National Thesis award is given to Jaime Adri\u00e1n Mill\u00e1n Leyva and Vladimir Matovic, Ume\u00e5 School of Business (USBE).<\/div>\n<p><div>In the master thesis &#8220;Project management practices at the front-end of management consulting projects&#8221; the importance of handling the early phases in projects are explored. The study is focussed on the project management practices that Swedish management consultants employ in the initial phases of their consulting projects. Particularly, it focuses on the practices that reconcile possible gaps in perspectives and expectations that often exist between client and consultant when this relationship is being formed. The results show that consultants favor practices that revolve around communication and interaction with the client, including interviews, workshops, and meetings, among others. In addition, they stress the importance of the use of documentation in order to reach an agreement on what the project is about. The thesis is well written, well aligned to current research frontiers and a showcase of excellent methodological and analytical abilities.<\/div>\n<div>\n<p><a href=\"http:\/\/www.projektakademien.se\/pa\/wp-content\/uploads\/2014\/04\/4.-FULLTEXT01.pdf\">L\u00e4s uppsatsen!<\/a><\/p>\n<hr size=\"10\" \/>\n<p><a href=\"http:\/\/www.projektakademien.se\/pa\/wp-content\/uploads\/2014\/04\/Miterev-photo.jpeg\"><img loading=\"lazy\" title=\"Maksim Miterev\" class=\"alignleft size-thumbnail wp-image-959\" src=\"http:\/\/www.projektakademien.se\/pa\/wp-content\/uploads\/2014\/04\/Miterev-photo.jpeg\" alt=\"\" width=\"100\" height=\"100\" \/><\/a><br \/>\n<a href=\"http:\/\/www.projektakademien.se\/pa\/wp-content\/uploads\/2014\/04\/Ruxandra-Nedelcu.jpeg\"><img loading=\"lazy\" title=\"Ruxandra Nedelcu\" class=\"alignright size-thumbnail wp-image-959\" src=\"http:\/\/www.projektakademien.se\/pa\/wp-content\/uploads\/2014\/04\/Ruxandra-Nedelcu.jpeg\" alt=\"\" width=\"84\" height=\"100\" \/><\/a><\/div>\n<\/p>\n<p><strong>Hedersomn\u00e4mnande 1\/Highly commended award 1:<\/strong><\/p>\n<div>Maksim Miterev and Ruxandra Nedelcu, Ume\u00e5 School of Business (USBE) for the thesis &#8220;The nature of the relationship between project complexity and project delay&#8221;.<\/p>\n<\/div>\n<p><a href=\"http:\/\/www.projektakademien.se\/pa\/wp-content\/uploads\/2014\/04\/1.-Master-Thesis_2012_Miterev-and-Nedelcu.pdf\">L\u00e4s uppsatsen!<\/a> <\/p>\n<hr size=\"10\" \/>\n<p><strong>Hedersomn\u00e4mnande 2\/Highly commended award 2:<\/strong><\/p>\n<div>Andrius Gedvilas, Chalmers Tekniska H\u00f6gskola, for the thesis &#8220;Entrepreneurial project management: Developing and testing the concept\u201d. <\/p>\n<p>\n<a href=\"http:\/\/www.projektakademien.se\/pa\/wp-content\/uploads\/2014\/04\/2.-Andrius_Gedvilas_Chalmers_Thesis_2012.pdf\">L\u00e4s uppsatsen!<\/a><\/p>\n<hr size=\"10\" \/>\n<p><a href=\"http:\/\/www.projektakademien.se\/pa\/wp-content\/uploads\/2014\/04\/Frosina.jpeg\"><img loading=\"lazy\" title=\"Frosina Tasevska\" class=\"alignleft size-thumbnail wp-image-959\" src=\"http:\/\/www.projektakademien.se\/pa\/wp-content\/uploads\/2014\/04\/Frosina.jpeg\" alt=\"\" width=\"90\" height=\"100\" \/><\/a><br \/>\n<a href=\"http:\/\/www.projektakademien.se\/pa\/wp-content\/uploads\/2014\/04\/Olga.jpeg\"><img loading=\"lazy\" title=\"Olga Toporova\" class=\"alignright size-thumbnail wp-image-959\" src=\"http:\/\/www.projektakademien.se\/pa\/wp-content\/uploads\/2014\/04\/Olga.jpeg\" alt=\"\" width=\"100\" height=\"100\" \/><\/a><\/div>\n<\/p>\n<p><\/a><strong>Hedersomn\u00e4mnande 3\/Highly commended award 3:<\/strong><\/div>\n<div>\n<p><div>Frosina Tasevska and Olga Toporova, Ume\u00e5 School of Business (USBE) for the thesis &#8220;Management of project interdependencies in a project portfolio&#8221;.<\/p>\n<\/div>\n<p>\n<a href=\"http:\/\/www.projektakademien.se\/pa\/wp-content\/uploads\/2014\/04\/18.-Management-of-Project-Interdependencies-in-a-Project-Portfolio.-Tasevska-F.-Toropova-O..pdf\">L\u00e4s uppsatsen!<\/a><\/p>\n<div>\n<hr size=\"10\" \/>\n<\/div>\n","protected":false},"excerpt":{"rendered":"<p>Uppsatspriset 2014 Fr\u00e5n och med detta \u00e5r har inl\u00e4mningen av bidrag till uppsatspriset flyttats till den 31 januari. Uppsatspriset kommer d\u00e4rmed ocks\u00e5 att f\u00e5 en fast offentligg\u00f6randedag p\u00e5 Svenska ProjektAkademiens \u00e5rssammankomst. Detta inneb\u00e4r att n\u00e5got uppsatspris f\u00f6r 2013 inte delas ut. Inf\u00f6r 2014 \u00e5rs uppsatspris inkom 18 bidrag fr\u00e5n sju olika l\u00e4ros\u00e4ten. Juryn ser med [&hellip;]<\/p>\n","protected":false},"author":1,"featured_media":0,"parent":141,"menu_order":40,"comment_status":"open","ping_status":"open","template":"","meta":{"ngg_post_thumbnail":0},"categories":[1],"tags":[],"_links":{"self":[{"href":"https:\/\/www.projektakademien.se\/pa\/wp-json\/wp\/v2\/pages\/2188"}],"collection":[{"href":"https:\/\/www.projektakademien.se\/pa\/wp-json\/wp\/v2\/pages"}],"about":[{"href":"https:\/\/www.projektakademien.se\/pa\/wp-json\/wp\/v2\/types\/page"}],"author":[{"embeddable":true,"href":"https:\/\/www.projektakademien.se\/pa\/wp-json\/wp\/v2\/users\/1"}],"replies":[{"embeddable":true,"href":"https:\/\/www.projektakademien.se\/pa\/wp-json\/wp\/v2\/comments?post=2188"}],"version-history":[{"count":39,"href":"https:\/\/www.projektakademien.se\/pa\/wp-json\/wp\/v2\/pages\/2188\/revisions"}],"predecessor-version":[{"id":2191,"href":"https:\/\/www.projektakademien.se\/pa\/wp-json\/wp\/v2\/pages\/2188\/revisions\/2191"}],"up":[{"embeddable":true,"href":"https:\/\/www.projektakademien.se\/pa\/wp-json\/wp\/v2\/pages\/141"}],"wp:attachment":[{"href":"https:\/\/www.projektakademien.se\/pa\/wp-json\/wp\/v2\/media?parent=2188"}],"wp:term":[{"taxonomy":"category","embeddable":true,"href":"https:\/\/www.projektakademien.se\/pa\/wp-json\/wp\/v2\/categories?post=2188"},{"taxonomy":"post_tag","embeddable":true,"href":"https:\/\/www.projektakademien.se\/pa\/wp-json\/wp\/v2\/tags?post=2188"}],"curies":[{"name":"wp","href":"https:\/\/api.w.org\/{rel}","templated":true}]}}

<div>
<strong>Uppsatspriset 2014</strong></p>
<p><div>Från och med detta år har inlämningen av bidrag till uppsatspriset flyttats till den 31 januari. Uppsatspriset kommer därmed också att få en fast offentliggörandedag på Svenska ProjektAkademiens årssammankomst. Detta innebär att något uppsatspris för 2013 inte delas ut.</p>
<p>Inför 2014 års uppsatspris inkom 18 bidrag från sju olika lärosäten. Juryn ser med tillfredsställelse på spridningen mellan lärosäten och noterar att både samhällsvetenskapliga och tekniska fakulteter är representerade. Uppsatserna handlar om ett antal aspekter av projektarbete, allt från samverkans- och ledarskapsfrågor till projektportföljhantering.</p>
</div>
<div>
<hr size="10" /></div>
<div>
<a href="http://www.projektakademien.se/pa/wp-content/uploads/2014/04/Jaime.jpeg"><img loading="lazy" title="Jaime Adrián Millán Leyva" class="alignleft size-thumbnail wp-image-959" src="http://www.projektakademien.se/pa/wp-content/uploads/2014/04/Jaime.jpeg" alt="" width="100" height="100" /></a></p>
<p>
<a href="http://www.projektakademien.se/pa/wp-content/uploads/2014/04/Vladimir.jpeg"><img loading="lazy" title="Vladimir Matovic" class="alignright size-thumbnail wp-image-959" src="http://www.projektakademien.se/pa/wp-content/uploads/2014/04/Vladimir.jpeg" alt="" width="100" height="100" /></a></div>
</p>
<p><strong>Uppsatspriset 2014/National thesis award 2014:</strong></div>
<p><div>The National Thesis award is given to Jaime Adrián Millán Leyva and Vladimir Matovic, Umeå School of Business (USBE).</div>
<p><div>In the master thesis &#8220;Project management practices at the front-end of management consulting projects&#8221; the importance of handling the early phases in projects are explored. The study is focussed on the project management practices that Swedish management consultants employ in the initial phases of their consulting projects. Particularly, it focuses on the practices that reconcile possible gaps in perspectives and expectations that often exist between client and consultant when this relationship is being formed. The results show that consultants favor practices that revolve around communication and interaction with the client, including interviews, workshops, and meetings, among others. In addition, they stress the importance of the use of documentation in order to reach an agreement on what the project is about. The thesis is well written, well aligned to current research frontiers and a showcase of excellent methodological and analytical abilities.</div>
<div>
<p><a href="http://www.projektakademien.se/pa/wp-content/uploads/2014/04/4.-FULLTEXT01.pdf">Läs uppsatsen!</a></p>
<hr size="10" />
<p><a href="http://www.projektakademien.se/pa/wp-content/uploads/2014/04/Miterev-photo.jpeg"><img loading="lazy" title="Maksim Miterev" class="alignleft size-thumbnail wp-image-959" src="http://www.projektakademien.se/pa/wp-content/uploads/2014/04/Miterev-photo.jpeg" alt="" width="100" height="100" /></a><br />
<a href="http://www.projektakademien.se/pa/wp-content/uploads/2014/04/Ruxandra-Nedelcu.jpeg"><img loading="lazy" title="Ruxandra Nedelcu" class="alignright size-thumbnail wp-image-959" src="http://www.projektakademien.se/pa/wp-content/uploads/2014/04/Ruxandra-Nedelcu.jpeg" alt="" width="84" height="100" /></a></div>
</p>
<p><strong>Hedersomnämnande 1/Highly commended award 1:</strong></p>
<div>Maksim Miterev and Ruxandra Nedelcu, Umeå School of Business (USBE) for the thesis &#8220;The nature of the relationship between project complexity and project delay&#8221;.</p>
</div>
<p><a href="http://www.projektakademien.se/pa/wp-content/uploads/2014/04/1.-Master-Thesis_2012_Miterev-and-Nedelcu.pdf">Läs uppsatsen!</a> </p>
<hr size="10" />
<p><strong>Hedersomnämnande 2/Highly commended award 2:</strong></p>
<div>Andrius Gedvilas, Chalmers Tekniska Högskola, for the thesis &#8220;Entrepreneurial project management: Developing and testing the concept”. </p>
<p>
<a href="http://www.projektakademien.se/pa/wp-content/uploads/2014/04/2.-Andrius_Gedvilas_Chalmers_Thesis_2012.pdf">Läs uppsatsen!</a></p>
<hr size="10" />
<p><a href="http://www.projektakademien.se/pa/wp-content/uploads/2014/04/Frosina.jpeg"><img loading="lazy" title="Frosina Tasevska" class="alignleft size-thumbnail wp-image-959" src="http://www.projektakademien.se/pa/wp-content/uploads/2014/04/Frosina.jpeg" alt="" width="90" height="100" /></a><br />
<a href="http://www.projektakademien.se/pa/wp-content/uploads/2014/04/Olga.jpeg"><img loading="lazy" title="Olga Toporova" class="alignright size-thumbnail wp-image-959" src="http://www.projektakademien.se/pa/wp-content/uploads/2014/04/Olga.jpeg" alt="" width="100" height="100" /></a></div>
</p>
<p></a><strong>Hedersomnämnande 3/Highly commended award 3:</strong></div>
<div>
<p><div>Frosina Tasevska and Olga Toporova, Umeå School of Business (USBE) for the thesis &#8220;Management of project interdependencies in a project portfolio&#8221;.</p>
</div>
<p>
<a href="http://www.projektakademien.se/pa/wp-content/uploads/2014/04/18.-Management-of-Project-Interdependencies-in-a-Project-Portfolio.-Tasevska-F.-Toropova-O..pdf">Läs uppsatsen!</a></p>
<div>
<hr size="10" />
</div>

<p>Uppsatspriset 2014 Från och med detta år har inlämningen av bidrag till uppsatspriset flyttats till den 31 januari. Uppsatspriset kommer därmed också att få en fast offentliggörandedag på Svenska ProjektAkademiens årssammankomst. Detta innebär att något uppsatspris för 2013 inte delas ut. Inför 2014 års uppsatspris inkom 18 bidrag från sju olika lärosäten. Juryn ser med [&hellip;]</p>
